 + 1 = -x + 2, -3 = c. Let i(d) = -x*d + d**2 - 2 + 5*d - 7 + 6 + 4 - 6*d**3. Determine i(-1).
7
Let c(h) = 13*h**3 - 30*h**2 - 41*h - 23. Let x(i) = -9*i**3 + 20*i**2 + 28*i + 15. Let t(s) = 5*c(s) + 7*x(s). Give t(6).
8
Suppose -4*r = 5*g + 19, -g + 1 = -0*g. Let n(s) = 2*s**2 + 16*s + 27. Let z be n(r). Let o(q) = q**2 - 2*q - 6. Determine o(z).
-3
Suppose 55*h - 59*h + 128 = 0. Suppose h - 8 = -8*p. Let k(j) be the first derivative of j**4/4 + j**3/3 - 2*j**2 - j + 3. Give k(p).
-7
Let s = -301 - -190. Let a be s*5/((-60)/4). Let y = 41 - a. Let h(q) = -q**2 + 3*q + 4. Give h(y).
0
Let a(u) be the first derivative of -u**4/4 + u**3 - 6*u + 16. Let j be a(3). Let z(x) = x**3 + 5*x**2 - 5*x + 3. Calculate z(j).
-3
Let d(b) = -2745 + 1277 + 33*b + 1470. Calculate d(2).
68
Let a(d) = 2*d**2 - 19*d + 24. Suppose 149*o - 21 = 147*o - k, o + 3*k - 23 = 0. Give a(o).
0
Let c(l) = 13*l + 0 + 4 - 2 - 1. Let q = -148 - -59. Let x = 88 + q. Calculate c(x).
-12
Let g(m) = 2*m - 19. Let o(n) = 48*n + 436. Let v(c) = -g(c) + o(c). Give v(-10).
-5
Suppose 4*z - 5*t + 2 = 6, z - 1 = -5*t. Let s be (3/6)/(z - 2/4). Suppose -3*u + 14 = 2*d - s, 3*d = 4*u - 20. Let g(b) = b - 1. Give g(d).
-1
Let x(u) = -u**3 - 5*u**2 - 6*u - 2. Let y(k) = 17*k - 13. Let w(a) = 35*a - 25. Let i(v) = -4*w(v) + 9*y(v). Let d be i(1). Determine x(d).
6
Let q(s) = s**3 - 1. Let k(z) = z**3 + 3. Let g(x) = k(x) - 2*q(x). Suppose 3*i = -i + i. What is g(i)?
5
Let s(n) = n**3 + n**2 + 3. Suppose -2*w = 2*w + 5*i - 21, -2*w = 4*i - 12. Suppose -g = w*g - 30. Suppose 0 = -g*f + 2*f. Give s(f).
3
Let h(y) = -5*y**3 - y**2 + 1. Let c(n) be the third derivative of n**5/60 + n**4/8 - n**3/6 - 18*n**2. Let t be c(-3). Determine h(t).
5
Suppose 16*t + 4 = 18*t + 2*d, 5*t + 2*d = 10. Let w(b) = -21*b - t*b**3 + 16*b + 4*b. Determine w(-1).
3
Suppose 5*i + 20 = 10*i. Let z be 2/4 + (-5)/(-7 + 17). Suppose v - 4 = -5*r + 4*r, 3*v - r + i = z. Let n(a) = a**2 + 3. Calculate n(v).
3
Suppose -36 = 12*b - 24. Let i(k) = -37*k - 30. Let j be i(b). Let m(c) = -c + 1. What is m(j)?
-6
Let c(w) = -22*w + 112. Let f be 396/81 - (-10)/90. Calculate c(f).
2
Let g(t) = t**2 + 5*t - 6. Suppose -l - b = 13, 22 - 84 = 5*l + 4*b. Calculate g(l).
44
Let m(u) be the second derivative of 3*u**4/8 - u**3/2 + 69*u**2/2 - 3*u + 35. Let r(p) be the first derivative of m(p). What is r(2)?
15
Let f(w) be the first derivative of -w**5/30 - w**4/24 - w**2/2 + 7*w - 152. Let j(r) be the second derivative of f(r). Give j(-1).
-1
Let f(q) be the first derivative of q**6/180 - 3*q**5/40 - 5*q**4/24 - 5*q**3/3 + 7*q - 26. Let n(w) be the third derivative of f(w). Calculate n(7).
30
Let a(n) = n**2 - 6*n - 1. Suppose 30*x = 13*x - 34. Let d(l) = 9*l**2 + 16*l + 1. Let m be d(x). Calculate a(m).
-6
Suppose 26*x - 27*x = 34. Let g = x + 26. Let d(t) = 6 + 8*t + t**2 + 6*t**2 - 6*t**2. Give d(g).
6
Suppose 9*m = 2*m + 14. Suppose -16 = -3*j + 2*v + 3*v, -10 = -j + 4*v. Let g(o) = o**j + o**3 - 5*o**3 + o + 3*o**3 + 1. What is g(m)?
-1
Let a(o) = 9*o - 3. Let s(g) = -35*g + 12. Let n(l) = -9*a(l) - 2*s(l). Let d(u) = -2*u + 5 + 4*u + 13. Let q be d(-8). Give n(q).
-19
Let t(f) = 8*f + 256. Let i be t(-35). Let k(n) = -2*n - 46. What is k(i)?
2
Suppose -10*g = -4542 - 458. Let k(b) = -g*b + 498*b + 2 - 4. What is k(6)?
-14
Let c be 69 - ((-4 - -4) + -1). Let f(m) = m**2 + c*m - 42*m + 2 - 43*m. Suppose -3*x - 2*k + 49 = 0, 4*k + 37 = 4*x - x. What is f(x)?
2
Let n(s) = -2*s**2 - 21*s - 24. Suppose 2*z = z, x + 2*z = -x - 16. Determine n(x).
16
Let l(o) = o**3 + 37*o**2 - 83*o - 195. Let d be l(-39). Let a(c) be the third derivative of -1/6*c**3 + 29*c**2 + d + 5/24*c**4 + 0*c. Give a(-3).
-16
Let r(g) be the third derivative of 11*g**4/24 + g**3/2 + g**2. Let w(v) = 71*v - 2061. Let j be w(29). Determine r(j).
-19
Let a(k) = 23111*k - 3*k**2 - 8 - 4*k**3 + 8*k**2 - 23109*k. Calculate a(2).
-16
Let p(n) = 14*n + 162. Let g = 5512 + -5524. Give p(g).
-6
Let c(x) = x**3 + 3*x**2 + 2*x + 1. Suppose -3*p - 9 = -3, 16 = -3*d - 2*p. Let h be (3 + d + 3/2)*-2. What is c(h)?
1
Suppose -315 = -62*z + 111*z - 70. Let k(h) = h**3 + 6*h**2 + 6*h + 14. Determine k(z).
9
Suppose 36*x - 1664 = -92*x. Let n(s) be the first derivative of s**4/4 - 13*s**3/3 + s**2/2 - 19*s + 3. Give n(x).
-6
Let m be (-14 - 0) + (-82 - -89). Let w(l) = -5*l - 12. Give w(m).
23
Let o(q) = -33*q - 38*q - 37*q - 33*q + 146*q + 8. Calculate o(-4).
-12
Let j(f) = -f**2 - 6*f + 8. Let m = -203 + 147. Let q be m/(-16)*(-24)/14. What is j(q)?
8
Let v = -15 - -5. Let f(q) = -11 - 5 - 22*q + 2 + 43*q - 13*q + q**2. Calculate f(v).
6
Suppose -5*k + k + c = -36, -4*k + 48 = 2*c. Let a be 2/k - (-6)/(-5) - 1. Let f(l) = -l + 2*l - 2*l**2 + l**3 - 1 + l + 4*l**2. Calculate f(a).
-5
Let h(q) = q**3 - 10*q**2 + 9*q - 12. Let r be h(9). Let s be (-33)/r - 2/(-8). Let o(k) be the second derivative of -k**3/3 + 3*k**2/2 - 5299*k. What is o(s)?
-3
Let u = -42 - -40. Let i = -100 - -102. Let g(w) = -2*w**3 + 4 - 3 + 22*w - w**i - 21*w. Determine g(u).
11
Let m(r) = -4*r - 4. Let s be 3*47/(-3) + -8. Let n be (-660)/121 + 30/s. Calculate m(n).
20
Suppose 0 = 15*o - 6*o - 18. Suppose -j + o*j = -4. Let f(y) = y**2 + 5*y + 3. Calculate f(j).
-1
Let b(z) = -50*z**2 - 7*z - 8. Let i(k) = -59*k**2 - 5*k - 8. Let s(w) = -7*b(w) + 6*i(w). Calculate s(5).
3
Let g(n) = -5*n - 14. Let z(r) = 12*r + 29. Let k(b) = 192*b + 465. Let j(o) = -2*k(o) + 33*z(o). Let s(i) = 5*g(i) + 2*j(i). Give s(-13).
-3
Suppose 53 = 5*i + 3*b, 2*i - 8 - 2 = -4*b. Let s(t) = t**3 - 14*t**2 + 14*t - 15. What is s(i)?
-2
Suppose 2*v + 6*r = r + 15, 0 = -5*r + 15. Suppose v*t = -5*t - 10. Let p(b) = -b**3 + 2*b**2 - 2*b - 3. What is p(t)?
17
Let w(u) = u**3 - 11*u**2 - 67*u + 768. Let k be w(9). Let h(t) = -3*t**2 + 5*t - 19. Determine h(k).
-31
Suppose -2*z - t = -4*z + 34, z + 5*t = 28. Let s(a) = a + 13 + 2*a - z + 17. Give s(-5).
-3
Let w(o) = -9*o**3 + 5*o**2 + 5*o - 4. Let h be ((-35)/14)/((-11)/22). Let q(r) = -11*r**3 + 6*r**2 + 6*r - 5. Let z(y) = h*q(y) - 6*w(y). Give z(-2).
7
Let v(c) = 3*c + 46*c**2 + 3 - 22*c**2 - 20*c**2 + 2 + 2*c. Give v(-4).
49
Let m(l) = l**2 + l - 7. Let u(i) = -i + 2*i + 1 - 2*i. Let c(t) = -m(t) - 4*u(t). Suppose -105*h - 189 = 174*h + 648. Determine c(h).
-15
Let v(f) = f**3 + 1191 + 9*f**2 + 4*f + 1219 - 2436. Calculate v(-8).
6
Suppose 3*k + 9 = -x, 0 = -5*x + 5*k + 57 - 22. Let r(s) be the second derivative of -11*s + 0 - 1/6*s**3 - x*s**2. What is r(-6)?
0
Suppose 929 = 47*k - 481. Let a(d) = d**3 - 30*d**2 + 5*d - 154. Give a(k).
-4
Let u be (1/2*-2)/(37/(-1036)). Let a(g) = 4*g - 129. What is a(u)?
-17
Let k be ((-6)/(-2))/(7*33/(-462)). Let h(z) = -z**2 + 4*z - 3. Give h(k).
-63
Let d(z) = 3 + 8 + 14 + 12 + 3*z - 20. Calculate d(-12).
-19
Let m(i) = i**2 + 5*i + 1. Let q(g) = g**3. Let f be q(1). Let v(w) = -10613*w + 4 + 10600*w + 3. Let l be v(f). Determine m(l).
7
Let x(z) = z**2 - 9*z - 2. Let t(q) = 102*q - 913. Let k be t(9). Calculate x(k).
-22
Suppose -69 + 339 = -52*p - 83*p. Let u(n) = -9*n - 33. Give u(p).
-15
Let w(n) = -n**3 + 29*n**2 - 33*n + 135. Let j be w(28). Let g(i) = i**2 + 5*i + 3. Calculate g(j).
3
Let z(f) = -14 - 37393*f + 74785*f - 37362*f. Calculate z(5).
136
Let i(r) = -5*r + 70. Let t be (-13 - (1 - 14)) + (-6 - -17). Calculate i(t).
15
Suppose 3*v + 0*v = 4*b - 8, 0 = v + 4*b - 24. Suppose 2*c = 4*c + m - 6, -m = -v*c + 18. Let q(p) = p**3 - 2*p**2 - 6*p + 3. Determine q(c).
11
Let d(u) = u**2 + 6*u + 2. Let k be 2/(6*4/(-48)). Give d(k).
-6
Let q(b) be the third derivative of 1/10*b**5 - 1/4*b**4 - 1/120*b**6 - 2*b**2 + 0 + 2/3*b**3 + 0*b. Suppose -2*v + 6 + 3 = 3*c, -4*c + v = -23. What is q(c)?
-1
Let b(g) = -5 + 1 - 5853*g - 1 + 5851*g + 4. Suppose -2*f = 2 - 6. What is b(f)?
-5
Let v be -35*(-104)/182 + -34. Let j(y) = y**2 + 12*y - 9. Determine j(v).
19
Let z(q) = 3*q - 11. Let l(t) be the first derivative of -t**2 + 13*t + 92. Let y(v) = 3*l(v) + 4*z(v). Give y(5).
25
Let w = 385 - 381. Let i(r) = -6*r**3 + 16*r**3 + w*r - 6*r**2 - r**2 - 9*r**3 - 2. Determine i(4).
-34
Let i(w) = -2*w**2 + 56*w + 333. Let o(y) = 9*y**2 - 275*y - 1668. Let t(m) = -14*i(m) - 3*o(m). Give t(-29).
-6
Let w(a) = -9*a**3 - 19*a**2 - 11. Let f = -224 - -213. L